73 is divided by r(t)?
16
Suppose -o + 14 = -a, -2 = 2*o - a + 5*a. What is the remainder when 87/((-1)/((-6)/o)) is divided by 15?
13
Let s = 4 - 7. Let q be ((-61)/(-4))/(s/(-12)). Suppose -4*u + 4*o + q = -u, -5*u + 2*o = -111. What is the remainder when u is divided by 12?
11
Suppose 4*i - 3*h = 24, i + 2*i - 13 = h. What is the remainder when 11 is divided by i?
2
Let q(t) = -2*t**3 - 5*t**2 - 2*t - 2. Let b be q(-5). Suppose b + 157 = 5*v. Calculate the remainder when v is divided by 12.
10
Let g = 27 - 15. Calculate the remainder when 21 is divided by g.
9
Suppose c - a - 12 = 0, a + 40 = 2*c + 3*a. Let d = -2 - 0. What is the remainder when -48*3/(-3) + d is divided by c?
14
Let d = 25 + -11. Calculate the remainder when 55 is divided by d.
13
Let d = -45 - -62. Calculate the remainder when d is divided by 4.
1
Let u be 3/(-1 + (-10)/(-16)). Let l = -73 - -105. What is the remainder when l is divided by (-2)/u + (-172)/(-16)?
10
Let p(g) = 2*g**2 + 4*g - 11. Let y be p(-8). Let v be ((-16)/(-5))/(7/(-105)). Let h = y + v. Calculate the remainder when h is divided by 13.
11
Suppose 0*a + 2*r = -4*a + 4, -2*a = 3*r + 6. Let m(t) = -t**3 - 8*t**2 + t - 2. Let l be m(-8). Calculate the remainder when (48/30)/((-2)/l) is divided by a.
2
Let s = -108 - -137. Suppose 2*o - 2*l + 4*l = -6, -3*l - 5 = -o. What is the remainder when s is divided by (o - 1) + (-51)/(-3)?
14
Let y(k) = -8*k + 0*k - 2*k - 12*k - 1. Calculate the remainder when y(-1) is divided by 12.
9
Let j(c) = c + 6. Let n(d) = -d**2 + 7*d + 5. Let i be n(7). Suppose -t = 5*m - 26, 4*m = -3*t - 18 + 52. Calculate the remainder when j(i) is divided by t.
5
Suppose 138 = 4*l - 5*v - 79, 52 = l - 2*v. What is the remainder when l is divided by 15?
13
Let k(l) = -l - 2. Let w be k(-2). Suppose w = -y - y + 6. Suppose -2*i = -y*o + 47, -o - 5 = -2*i - 18. What is the remainder when 50 is divided by o?
16
Let h(d) = d**2 + 12*d + 14. Calculate the remainder when h(-11) is divided by 1.
0
Let d(b) = 2*b**2 - 3*b. Let i(j) = -j**3 + 7*j**2 - 6*j + 2. Let g be (-2)/9 - (-56)/9. Let r be i(g). What is the remainder when 2 is divided by d(r)?
0
Suppose 3*d - 137 = -5*f, 4*d - 20 = -d. Suppose 3*s - 2*z - 9 = -2, 2*s + 2*z = 18. Suppose -s*h - 2 = -47. Calculate the remainder when f is divided by h.
7
What is the remainder when (4/10)/((-9)/(-225)) is divided by 3?
1
Let f = -1 - 1. Let d = f + 6. What is the remainder when d is divided by (-4)/14 - (-92)/28?
1
Suppose -4*w + 30 = w + f, 3*w + 5*f = -4. Suppose 21*b = 19*b + 24. What is the remainder when b is divided by w?
5
Suppose -3*y + 5*y = 3*r - 26, y + 19 = 2*r. What is the remainder when 9 is divided by r*(-2 - (-18)/8)?
0
What is the remainder when 65 is divided by (-27)/(-18)*92/6?
19
Suppose 5*k - 4*x = 235, -3*k - x - 17 = -158. Calculate the remainder when k is divided by 70/6 + 2/6.
11
Suppose 3*q - 3 - 12 = 0. Suppose -q*j = 22 - 82. Calculate the remainder when (-114)/(-5) - (-3)/15 is divided by j.
11
Suppose 0 = -4*d + 4 + 8. Let h = 8 + -6. What is the remainder when h is divided by d/2*(-2)/(-3)?
0
Calculate the remainder when (1/1)/(6/282) is divided by -6*3/(-1) - 2.
15
Let x(l) = l**3 - 6*l**2 + 2*l + 5. Let p(r) = 3*r**3 - 12*r**2 + 4*r + 11. Let c(i) = 2*p(i) - 5*x(i). What is the remainder when c(-6) is divided by 4?
1
Suppose 2*k - 39 = k. What is the remainder when k is divided by 8?
7
Let u be -1*(-1 + 19)/(-3). Suppose 2*g + u = o, 3*g + 4 + 17 = 3*o. What is the remainder when o is divided by 5?
3
Suppose 4*t - 41 = -5*x, -2*t + x - 1 = -4. Calculate the remainder when 11 is divided by t.
3
Let y = 83 + -49. Let m = 15 + 3. Calculate the remainder when y is divided by m.
16
Let l = 22 - 16. Calculate the remainder when 34/(((-8)/2)/(-2)) is divided by l.
5
Suppose 5*i - 2*j + 31 = 0, -7*i - 28 = -2*i - j. Let d = i - -25. Calculate the remainder when 3/(-1) - (-1 - 40) is divided by d.
18
Suppose -2*g = 2*g. Suppose 2*j + 4*h - 36 = g, -j + 8*h - 5*h + 23 = 0. Calculate the remainder when j is divided by 11.
9
Suppose 0*b + 8 = 4*o + b, o + b = -1. Suppose 8*y = o*y. Suppose 3*w = a + 32, -2*a = 3*w - y*a - 35. What is the remainder when 21 is divided by w?
10
Let b(u) = 2 + 2 + 8*u**2 + u**3 + 7*u + 1. What is the remainder when b(-7) is divided by (0 - -3)*(3 + -2)?
2
Suppose -3*m = -2*t - 28, -2*m - 1 = 3*t + 2. Suppose -m*v + 80 = -2*v. What is the remainder when 39 is divided by v?
19
Suppose 0 = -26*t + 24*t + 14. What is the remainder when t is divided by 5?
2
Let k(b) = b**3 - 23*b**2 - 24*b + 19. What is the remainder when 37 is divided by k(24)?
18
Suppose x + 12 = -t - 2*t, -5*x + 5*t + 40 = 0. Let a = 22 - x. Calculate the remainder when 36 is divided by a.
17
Let y = -110 + 125. Calculate the remainder when 88 is divided by y.
13
Suppose -3*j = -6*j. Let o(p) = -p**2 + p + 116. Let q be o(0). Suppose 5*w + 2*f - q = -0*f, w - 5*f - 34 = j. What is the remainder when w is divided by 13?
11
Let b(x) = x**3 - 2*x**2 - 5*x - 1. Let d(o) = -2*o**3 + 2*o**2 + 6*o. Let g(m) = 3*b(m) + 2*d(m). Calculate the remainder when 5 is divided by g(-2).
2
Let o(b) = 2*b - 2. Let t be o(-5). Calculate the remainder when 28/t*(0 - 15) is divided by 12.
11
Suppose 14 = 4*x - 6, u = -3*x + 20. Calculate the remainder when 19 is divided by u.
4
Suppose -35 = -i - 2*m, -2*i + 0*i + 2*m = -88. What is the remainder when i is divided by 15?
11
Suppose 5*w - 3*w = 42. Suppose -4*a + 2 = -2. Let r(t) = 11*t. Calculate the remainder when w is divided by r(a).
10
What is the remainder when -1 - ((-4)/28 + (-1224)/7) is divided by 25?
24
Let f(b) be the third derivative of -b**4/12 - 2*b**3/3 - 2*b**2. What is the remainder when 31 is divided by f(-6)?
7
Let g(l) = -6*l + 5. Suppose 0*c - 3 = c. What is the remainder when 66 is divided by g(c)?
20
Suppose a - 20 - 39 = -3*b, -227 = -4*a - 3*b. Suppose -5*l = -306 + a. What is the remainder when l is divided by 17?
16
Let h be 15/2*8/12. Suppose 0 = u - 4*y - 16, 0 = u + 2*u - h*y - 34. Calculate the remainder when 22 is divided by u.
6
Suppose -2*j = -2*i - 20, 5*i - 60 = -3*j - 6. Suppose -3*t - 4 = -d, 5*t + 22 - 6 = 4*d. Suppose -k + d = -0. What is the remainder when j is divided by k?
1
Let r(b) = b**2 + 14*b + 33. What is the remainder when r(-13) is divided by 7?
6
Suppose -5*b = 4*y - 15 - 60, -45 = -2*y + 5*b. What is the remainder when 77 is divided by y?
17
Suppose -90 = -j - 18. Let r = j - 19. Calculate the remainder when r is divided by 18.
17
Let t(w) = -15*w - 3. Calculate the remainder when t(-2) is divided by 2/4 - (-13)/2.
6
Let m(v) = 8*v - 13. What is the remainder when m(5) is divided by 15?
12
Suppose -3 = t - 21. Suppose 0 = -2*o - 2*f + 14, 7*o - 36 = 4*o + 2*f. Calculate the remainder when t is divided by o.
8
Suppose -j = -a + j + 13, -2*a - 4*j = -42. Let w(x) = 16*x + 2. What is the remainder when w(4) is divided by a?
15
Suppose 3*r + 2*r - 230 = 0. Calculate the remainder when r is divided by 8.
6
Let y be (-3)/4 - (-84)/(-16). Suppose 3*u - 77 = -2*a, -2*a - 2*u = 3*u - 87. What is the remainder when a is divided by (y/(-6))/(1/11)?
9
Let z be (-2)/11 + 252/(-66). Calculate the remainder when (-6 - z) + (-90)/(-2) is divided by 11.
10
Let d be (8/10)/((-8)/160). Let k = 38 - d. Calculate the remainder when k is divided by 11.
10
Let h(w) = w**2 + 7*w + 4. Let k be h(-4). Let t = 11 + k. What is the remainder when 7 is divided by t?
1
Let b(i) = i - 5. Let h be b(8). Let g be -1 + 0 - (h + -112). Suppose 3*m - m = -4*q + g, -22 = -q - 3*m. Calculate the remainder when q is divided by 15.
13
Suppose 5 = -5*z + 4*z. Let o = z + 5. Suppose o = 6*c - c + y - 22, 0 = -2*c - y + 7. Calculate the remainder when 8 is divided by c.
3
Let x be 1/6*-2*-27. Suppose 6*o - x = 3*o. Suppose -39 = -3*c + 3*y, -4*c - y + 7 = -o*c. Calculate the remainder when 18 is divided by c.
8
Suppose -94 = 40*f - 42*f. What is the remainder when f is divided by 13?
8
Let f(p) = -4*p**2 + 2*p + 1. Let l be f(2). What is the remainder when l/(-1)*(-12)/(-4) is divided by 9?
6
Let p = -6 - -4. Let n be (2 + -10)*(-3)/p. What is the remainder when 7 is divided by 6/5*(-40)/n?
3
Suppose 4*n = 4*z + 104, 2*n + z - 154 = -3*n. What is the remainder when 59 is divided by n?
29